 36 and u?
18
Let d(t) = t**3 + 6*t**2 - 27*t + 2. Let v be d(-9). Let i be 3/(-6) - (-37)/v. Calculate the greatest common divisor of 162 and i.
18
Suppose 2*k = 96 - 90. What is the greatest common factor of k and 768?
3
Suppose 3*t - 135 = -2*t. Let y = -206 + 217. Suppose 57 = 5*u + 4*k, 0 = 5*u + 5*k - 71 + y. What is the highest common factor of u and t?
9
Suppose -73*x - 192 = -77*x. What is the highest common factor of 64 and x?
16
Let o = -59 + 102. Suppose -2*r - 9 + 69 = 0. Let q = o - r. What is the greatest common divisor of 52 and q?
13
Let f be -11 + (-7 - -16) + 374. Calculate the greatest common factor of f and 24.
12
Suppose 0 = -2*r + 2*o + 2 + 6, 3*r - o = 8. Suppose 72 = 4*v - r*v. Suppose 0 = 3*x - v - 12. Calculate the greatest common divisor of x and 128.
16
Let r be 1 - 6 - (0 + 1542/(-6)). What is the highest common factor of r and 36?
36
Let q(l) = l**2 + l - 2. Let n be q(-2). Suppose n = -0*k + 6*k. Suppose k = 5*y - 3*m - 8, 4 - 24 = -y - 4*m. Calculate the highest common divisor of 6 and y.
2
Suppose -2*y + 221 = y - 2*i, -62 = -y + 3*i. Let f be (-22 - 0)*(11 + -12). What is the greatest common factor of f and y?
11
Suppose 6*m - m = 0. Suppose 4*g - 5*r - 132 = m, 6*g - g - r = 186. Calculate the highest common divisor of 19 and g.
19
Suppose u + 17 = 4*w, 3*u + 1 + 5 = -3*w. Suppose 0 = c + w*c - 32. Let v = c + 2. What is the highest common factor of v and 4?
2
Let y(z) = -3*z + 3. Let a be y(-5). Let u(d) = 36*d + 1. Let k be u(6). Let p = -145 + k. Calculate the highest common divisor of p and a.
18
Let r be (48 - -2)*12*5/100. Let l = 33 - 21. What is the greatest common divisor of r and l?
6
Let y be 38/(-8) + 5 - (-666)/(-8). Let o = y + 98. What is the highest common divisor of 135 and o?
15
Suppose 3*o = 204 - 36. Let w = -2 - -4. Suppose 5*i - 60 = -7*g + w*g, 0 = 2*i + g - 26. What is the greatest common factor of o and i?
14
Let r = 1242 - 674. Calculate the highest common divisor of 24 and r.
8
Let m = 281 + -49. Suppose 0 = -5*x - 0*x + 3*s + 148, 2*s - 56 = -2*x. What is the greatest common divisor of x and m?
29
Suppose -u + 158 = n, 3*u + n = -2*u + 806. What is the highest common factor of u and 108?
54
Let k = 563 - 323. Let f = k + -144. Suppose 0 = 4*v + 4*c - 56, 0*v + 3*c = 5*v - 54. Calculate the highest common divisor of f and v.
12
Let p(b) = -4*b - 2. Suppose 0*a + 2*a + 22 = 0. Let n be p(a). Suppose k = -2*g - k + 48, 5*k - n = -2*g. Calculate the greatest common factor of 286 and g.
26
Let i(z) = -z**2 - 9*z - 1. Let q be i(-6). Suppose 10 = 18*k - q*k. Calculate the highest common divisor of 80 and k.
10
Let d be -22*(5 + 4/((-40)/175)). What is the highest common divisor of d and 110?
55
Let n = 0 - -2. Let c(f) = -2*f**2 + 25*f - 26. Let v be c(11). Let a be v/(-6 - 36) - (-122)/12. Calculate the greatest common factor of a and n.
2
Let j be (4/5)/((-6)/15). Let r(y) be the first derivative of -15*y**2/2 - 4*y + 1. Let u be r(j). Calculate the highest common factor of u and 182.
26
Let t be 4 + (-5 + 2 + 0 - -1). What is the greatest common factor of 178 and t?
2
Suppose -2*z - 2 = -4*z. Suppose -3*d - 9*l - 9 = -6*l, -3*l = -5*d + 17. Calculate the highest common divisor of z and d.
1
Let a(y) = 28*y + 1 + 8 - 11. Let r = 3 - 2. Let z be a(r). What is the greatest common factor of z and 65?
13
Let k(r) = -2*r**3 - 4*r**2 - 26*r - 48. Let l be k(-4). Calculate the highest common divisor of l and 195.
15
Let v(c) = 5*c + 2. Let p be v(-3). Let a = -12 - p. Let m be (9/(-6) + a)*-34. What is the greatest common divisor of m and 34?
17
Let b = 756 + -409. Suppose 2*i = -67 + b. What is the highest common divisor of i and 35?
35
Let b be ((-49)/(-14))/(2/(-8)). Let u = 5 - b. Let l = 33 - u. Calculate the greatest common factor of 70 and l.
14
Let y(a) = 46*a**3 - a**2 + 3*a - 6. Let k be y(2). What is the highest common divisor of 273 and k?
91
Suppose -231 = -14*p + 49. Suppose -4*m - m + 250 = 0. Calculate the greatest common divisor of p and m.
10
Let p = -12 - -111. Suppose -565*i + 66 = -563*i. Calculate the highest common divisor of i and p.
33
Let h = 55 - 53. Suppose -h*i + 58 = 3*w, -w = -i - 2*w + 28. Calculate the highest common divisor of i and 52.
26
Suppose -q = -4*m - 37, 207*m = -4*q + 205*m + 220. Calculate the highest common divisor of q and 2915.
53
Let k be (-430)/(-15) + (-2)/3. Suppose 0 = 5*f - 5*a - 60, k = f - 0*a + 3*a. What is the greatest common divisor of f and 40?
8
Let l = -2582 + 2589. What is the highest common divisor of l and 3?
1
Let r = -464 - -554. Calculate the greatest common divisor of 110 and r.
10
Let k be (1 - 108/8)*-2. Let n be 0/2 + 25*3. What is the highest common divisor of k and n?
25
Let c(u) = 35*u + 31. Let w(f) = -456*f - 402. Let j(d) = 27*c(d) + 2*w(d). Let r be j(5). What is the highest common divisor of r and 18?
18
Let h(c) = -c. Let m(q) = 3*q + 5. Let x(t) = -4*h(t) - m(t). Let s be x(7). Calculate the highest common divisor of 16 and s.
2
Suppose -29*c = -792 - 774. Let q = -18 + 43. Suppose -g + 14 = 2*g - 4*r, -4*g - r = -q. Calculate the highest common divisor of g and c.
6
Suppose 3*a - 58 = -2*a - 2*o, 0 = 4*o + 4. Suppose 4*w - a = -0*w. Suppose -3*r + w = -3. Calculate the highest common divisor of 2 and r.
2
Let v be 1 + ((-2 - -3)*-2)/(-2). Suppose -6*k + k + y = -230, -5*y = v*k - 65. What is the highest common divisor of k and 18?
9
Let u(f) = 3*f**3 + 34*f**2 + 4*f + 28. Let r be u(-11). What is the highest common divisor of r and 84?
21
Let o(s) = 41*s + 30*s - 79*s - s**2 - 4. Let c(l) = l**2 - l - 6. Let y be c(0). Let n be o(y). What is the highest common factor of n and 12?
4
Let m be 96600/294 + (-2)/(-7)*-2. What is the highest common factor of 41 and m?
41
Let d(g) = g**2 + 6*g + 5. Let p = -16 - -9. Let n be d(p). Let c be 11 - n - (-11 + 0). Calculate the highest common divisor of c and 70.
10
Let p = -402 - -450. Calculate the highest common divisor of p and 848.
16
Suppose 2 = -0*t + t, 0 = -2*o - t + 10. Suppose o*r - r = 9. Let i be 15 - ((-7 - -2) + r). Calculate the highest common factor of 119 and i.
17
Let g = 50 + -45. Let f be 12*(-2)/(-3)*(g + -3). What is the greatest common factor of 4 and f?
4
Suppose 2*h - 50 = -2*b, 2*h - 22 = b - 2*b. Suppose -2*z = -l + 32, -2*l - 215 = -7*l - z. What is the highest common factor of l and b?
14
Let r(j) = -j**3 + 3*j + 3. Let k be r(3). Let l = k + 20. Let t be l*(3 - (-3)/(-15)). What is the greatest common divisor of 14 and t?
14
Suppose -2*u - 6*u = -312. Let n = u + -23. Suppose -254 = -3*r - 14. Calculate the highest common divisor of n and r.
16
Let v = -531 + 560. Calculate the highest common factor of v and 3277.
29
Suppose 22*s - 20*s - 30 = 0. Let y be (-54)/s*(-10)/6. What is the highest common factor of 4 and y?
2
Suppose 18 = -w - 2. Let q = 30 + w. Suppose -5*u = -6 - 4. Calculate the highest common factor of q and u.
2
Suppose 14*v - 9 = 5*v. Calculate the highest common divisor of v and 8.
1
Let p be (-1)/((-9)/(-6) + -2). Let n be 1*((4 - 7) + p). Let w be (-44)/(-1) - (n + -3). Calculate the greatest common factor of w and 6.
6
Let z = -20 - -34. Suppose 0 = -2*m - 26 + 82. What is the highest common factor of z and m?
14
Let f = -44 + 63. Suppose -3*x + 2*c + 29 = 0, 28 = 5*x - 5*c - 27. Let k(i) = 24*i + 3. Let j be k(x). What is the greatest common factor of f and j?
19
Let a = 4 - -2. Let s = -2 + a. Let r(y) = -y**2 + 7*y - 2. Let j be r(s). Calculate the highest common factor of 15 and j.
5
Let k be (-3)/6 + 28/8 - (45 - 212). Let o be (4/10)/((-2)/(-340)). What is the highest common factor of k and o?
34
Let c(z) = -z**3 - 9*z**2 - 10*z - 18. Let i be c(-9). What is the highest common factor of i and 48?
24
Let g(v) = 3*v + 5. Let s(r) = 4*r + 7. Let y(q) = -7*g(q) + 5*s(q). Let f be y(-5). Let x be 37/f + 24/(-60). Calculate the highest common divisor of x and 77.
7
Let c = 114 - 60. Let g be 36/126 - c/(-7). Let n = -7 - -63. What is the greatest common divisor of g and n?
8
Suppose -5*y + 15 = -90. Calculate the greatest common factor of 12 and y.
3
Let f = 29 + -29. Suppose -2*r + 23 - 71 = f. Let j be r/((-15)/(-6) + -4). Calculate the greatest common factor of j and 24.
8
Let k be (-6)/(-21) - (-44)/(-7). Let o(y